 - 9*w - 6. Calculate i(-6).
12
Let t(b) = -b**2 + 9*b - 10. What is t(7)?
4
Let p(t) = t**2 - 33*t - 11. What is p(33)?
-11
Let i(p) = p**3 + 8*p**2 - 2*p - 11. Determine i(-8).
5
Let r(a) = a**2 + 4*a - 41. Calculate r(-10).
19
Let h(t) = -3*t**2 + 6*t + 4. Determine h(3).
-5
Let u(c) = -c**3 - 9*c**2 - c - 12. Calculate u(-5).
-107
Let t(m) = -m**3 - 14*m**2 + 31*m. Determine t(-16).
16
Let a(v) = -v + 1. Calculate a(-5).
6
Let p(y) = 4*y + 5. What is p(6)?
29
Let l(g) = g**3 + 8*g**2 + 11*g + 24. Determine l(-7).
-4
Let i(c) = 2*c**2 + 12*c + 3. Calculate i(-6).
3
Let u(m) = -33*m - 36. Determine u(-5).
129
Let k(p) = 5*p**2 - 86*p - 1. Calculate k(17).
-18
Let d(s) = s**3 - 31*s**2 - 66*s - 11. Calculate d(33).
-11
Let j(v) = 4*v**2 - 2*v - 1. Calculate j(-1).
5
Let a(o) = -o**2 + 12*o - 18. Calculate a(10).
2
Let h(x) = x**3 - 14*x**2 + 13*x - 24. What is h(14)?
158
Let b(k) = k**3 + 4*k**2 - 4*k - 7. What is b(-4)?
9
Let d(g) = -g**2 - 2*g + 16. What is d(-6)?
-8
Let s(w) = -2*w**3 + 15*w**2 - 11*w + 11. Give s(7).
-17
Let k(n) = -8*n**2 - 271*n + 48. Give k(-34).
14
Let d(y) = -y**2 + 11*y - 10. What is d(10)?
0
Let r(f) = -6*f + 49. Calculate r(8).
1
Let w(l) = -l**2 + 4*l + 45. Calculate w(-5).
0
Let o(q) = -9*q - 19. Determine o(-3).
8
Let q(u) = u + 20. Give q(-34).
-14
Let b(z) = z**2 - 8*z + 12. Determine b(7).
5
Let w(h) = 2*h - 1. What is w(-1)?
-3
Let y(x) = -13*x - 308. Determine y(-23).
-9
Let c(p) = p**3 + 4*p**2 - 9*p - 27. Calculate c(-4).
9
Let z(p) = 6*p + 118. Give z(-19).
4
Let f(j) = -j**3 + 3*j**2 + j. Calculate f(2).
6
Let u(j) = j**3 - 8*j**2 + 2*j - 4. Determine u(8).
12
Let u(o) = o**2 + 29*o + 6. What is u(-26)?
-72
Let j(m) = -6*m - 6. Determine j(3).
-24
Let d(t) = -t**3 + 27*t**2 - 49*t - 36. Determine d(25).
-11
Let i(w) = -w**3 + 7*w**2 - 20. Give i(6).
16
Let v(r) = 2*r**2 + 5*r + 8. Give v(-3).
11
Let q(f) = -21*f + 6. Calculate q(-3).
69
Let r(f) = -2*f + 16. Give r(9).
-2
Let w(o) = 2*o + 8. Calculate w(-5).
-2
Let h(z) = -z**3 + 22*z**2 - 23*z. Calculate h(21).
-42
Let j(l) = -40*l + 1. What is j(-1)?
41
Let j(d) = -d**3 + 13*d**2 - 2*d + 18. Determine j(13).
-8
Let n(p) = 2*p + 1. Calculate n(1).
3
Let q(r) = r**3 - 12*r**2 + 11. Give q(12).
11
Let r(l) = 5*l**2 - 9*l + 6. What is r(2)?
8
Let s(g) = 2*g**2 - 44*g + 17. Give s(18).
-127
Let d(b) = -b**2 + 16*b - 53. What is d(6)?
7
Let y(r) = -r**3 - 2*r**2 + 2*r - 3. Give y(-5).
62
Let o(u) = -2*u**2 - 5*u - 2. What is o(-4)?
-14
Let b(l) = -l**2 + 9*l - 4. What is b(9)?
-4
Let u(t) = -t**2 - t + 36. Give u(7).
-20
Let a(f) = 34*f - 38. Determine a(4).
98
Let i(j) = j**3 + 28*j**2 + 2*j + 68. Determine i(-28).
12
Let l(t) = -t**2 + 3*t - 3. Give l(-5).
-43
Let f(g) = g**2 + 10*g + 8. What is f(-7)?
-13
Let c(x) = x**2 - 51*x + 23. Give c(50).
-27
Let r(z) = -z**3 + 8*z**2 - 5*z - 3. Calculate r(5).
47
Let j(i) = i - 8. Give j(2).
-6
Let v(k) = -2*k**3 - k**2 + 3*k + 3. What is v(4)?
-129
Let c(n) = n**3 + 22*n**2 + 37*n - 71. Give c(-20).
-11
Let l(i) = -i**3 - 4*i**2 - 4*i. Give l(-3).
3
Let d(w) = 78*w + 856. What is d(-11)?
-2
Let q(b) = 4*b + 1. What is q(-2)?
-7
Let k(x) = -x**3 - 6*x**2 + 4*x + 6. What is k(-6)?
-18
Let b(a) = -a**2 + 9*a + 1. Determine b(6).
19
Let i(r) = r**3 - 5*r**2 - 10*r + 10. Give i(7).
38
Let l(r) = r + 17. What is l(-27)?
-10
Let q(i) = 9*i**3 + 2*i**2 + 3*i + 2. What is q(-1)?
-8
Let q(j) = 16*j - 60. What is q(4)?
4
Let m(r) = -r**2 + 6*r + 12. What is m(-2)?
-4
Let t(m) = m - 4. Calculate t(15).
11
Let u(x) = x**3 - 6*x**2 + 15*x - 23. Calculate u(3).
-5
Let t(j) = 2*j**3 - 8*j**2 + 2*j - 6. Give t(4).
2
Let l(n) = n**3 + 37*n**2 - 37*n + 34. Determine l(-38).
-4
Let v(o) = o**3 + o**2 - 4*o + 19. What is v(-4)?
-13
Let n(v) = -v**3 + 10*v**2 - 7*v - 8. Give n(9).
10
Let p(c) = 13*c**3 + c + 2. Determine p(-1).
-12
Let c(p) = 35*p**3 + p**2 - p. Determine c(1).
35
Let x(w) = -2*w**2 - 15*w - 10. Calculate x(-7).
-3
Let v(d) = -d**2 + 7*d - 11. Determine v(5).
-1
Let u(s) = s + 2. Give u(4).
6
Let l(i) = 3*i**2 - 2*i. What is l(-3)?
33
Let n(j) = -j**3 - 8*j**2 + 7*j - 7. Determine n(-9).
11
Let j(c) = c**2 + 19*c + 32. Determine j(-13).
-46
Let y(f) = 16*f**2 + 6*f + 7. Give y(-1).
17
Let n(p) = -18*p + 67. What is n(4)?
-5
Let s(x) = -4*x**3 - 2*x**2 + 2*x + 11. Calculate s(-3).
95
Let i(k) = -k**3 - 5*k**2 - k - 36. What is i(-6)?
6
Let k(d) = -10*d**3 + 2*d**2 + 3*d + 1. Calculate k(-1).
10
Let o(r) = r**3 + 6*r**2 - 3*r + 1. Calculate o(-5).
41
Let l(f) = -f**3 + 12*f**2 + 33*f - 1. Calculate l(14).
69
Let h(a) = 3*a**3 - 4*a**2 + a + 1. Calculate h(-1).
-7
Let g(j) = j**2 + 9*j + 14. Determine g(-6).
-4
Let o(i) = -i**2 + 21*i + 44. Give o(23).
-2
Let o(i) = -3*i**2 + 3*i + 4. Determine o(4).
-32
Let w(t) = -t**2 + 12*t + 3. Give w(11).
14
Let i(v) = v + 2. Determine i(8).
10
Let p(f) = f**2 - 13*f + 6. What is p(11)?
-16
Let q(s) = s + 2. What is q(-6)?
-4
Let k(q) = -q**3 + 5*q**2 - 3*q - 5. Determine k(4).
-1
Let n(u) = -u**3 - u**2 + 7*u + 7. Calculate n(4).
-45
Let x(b) = 2*b**2 + 14*b + 17. What is x(-6)?
5
Let l(w) = -7*w**2 + 9*w + 9. Give l(-1).
-7
Let o(z) = 4*z**2 + z - 14. Give o(3).
25
Let t(p) = 6*p + 175. Give t(-28).
7
Let q(p) = -p**2 - 21*p + 14. Calculate q(-20).
34
Let n(o) = o**3 - 17*o**2 + 17*o - 12. Give n(16).
4
Let h(q) = -2*q + 2. Calculate h(-4).
10
Let b(s) = s**3 - 5*s**2 - 5*s + 6. Give b(5).
-19
Let v(t) = 2*t**2 + 7*t + 1. Calculate v(-5).
16
Let b(a) = a**3 + 7*a**2 + 10. Give b(-6).
46
Let y(l) = l**2 + 18*l - 14. Give y(-21).
49
Let u(n) = n - 4. Give u(-6).
-10
Let c(i) = i**2 - 21*i + 86. What is c(4)?
18
Let k(n) = -n**3 + 12*n**2 + 13*n + 5. Calculate k(13).
5
Let b(c) = -22*c + 201. What is b(9)?
3
Let h(j) = -j**2 + 4*j + 19. Calculate h(8).
-13
Let a(f) = -f**2 - f + 7. Give a(-6).
-23
Let c(z) = -z**3 + 13*z**2 - 31*z - 8. Determine c(10).
-18
Let w(o) = o**2 + 4*o - 4. What is w(5)?
41
Let r(a) = 13*a**2 + 3*a + 11. What is r(-3)?
119
Let s(c) = -10*c - 89. What is s(-9)?
1
Let b(g) = g**2 + 21*g + 41. Determine b(-20).
21
Let k(c) = -c**3 - 6*c**2 + 5*c - 17. Calculate k(-7).
-3
Let l(f) = -f**2 - 3*f + 27. Determine l(-6).
9
Let c(m) = 2*m**3 - 1. Calculate c(2).
15
Let p(l) = -l**2 - l + 7. Determine p(5).
-23
Let i(d) = -d**3 - 3*d**2 - 2*d - 2. Calculate i(-3).
4
Let d(r) = r**3 + 9*r**2 + 6*r - 8. Calculate d(-8).
8
Let v(z) = -7*z - 7. Give v(-5).
28
Let b(t) = -18*t + 133. Calculate b(7).
7
Let o(s) = s**2 + 26. Calculate o(0).
26
Let z(p) = 16*p - 96. Give z(9).
48
Let z(p) = 2*p**3 + 13*p**2 - 41*p - 7. What is z(-9)?
-43
Let y(x) = x**3 + 5*x**2 - 7*x + 23. Calculate y(-7).
-26
Let u(v) = -2*v**2 - 32*v - 27. What is u(-14)?
29
Let o(y) = 3*y**2 - y + 1. Give o(2).
11
Let o(t) = t**3 - 7*t**2 + 5*t + 2. Determine o(7).
37
Let n(s) = 2*s**3 - 2*s**2 - s + 2. Give n(2).
8
Let a(f) = 4*f**2 - 24*f - 10. Give a(6).
-10
Let w(g) = -g**2 + 28*g - 111. What is w(5)?
4
Let d(v) = v**2 + 10*v - 3. What is d(-10)?
-3
Let l(g) = -2*g**2 - 54*g - 17. Give l(-28).
-73
Let n(l) = l**3 - 2*l**2 - 52*l + 28. Give n(8).
-4
Let p(s) = -39*s**3 + s - 2. Give p(1).
-40
Let l(d) = d**3 + d**2 + 2*d + 1. Give l(-1).
-1
Let t(x) = -22*x**2 - 199*x - 3. What is t(-9)?
6
Let l(u) = 9*u**3 - 4*u**2 + 2*u. Determine l(2).
60
Let k(c) = c**3 + 10*c**2 + 16*c - 7. Determine k(-8).
-7
Let j(a) = 15*a - 291. Give j(19).
-6
Let f(j) = 2*j + 60. Determine f(5).
70
Let l(y) = -y + 27. Determine l(32).
-5
Let n(w) = 2*w**3 + w**2 + 1. What is n(-3)?
-44
Let m(p) = -2*p**3 + 19*p**2 + 11*p - 7. Calculate m(10).
3
Let j(t) = -t**3 + 11*t**2 + 13*t - 11. What is j(12)?
1
Let y(n) = 3*n**2 + 14*n + 2. Determine y(-3).
-13
Let h(v) = 2*v**2 - 23*v - 26. Determine h(13).
13
Let x(b) = b - 2. Calculate x(-6).
-8
Let l(m) = -m**2 + 4*m - 1. Determine l(3).
2
Let s(d) = d + 11. Calculate s(8).
19
Let t(f) = 2*f**2 + 2*f + 2. Determine t(3).
26
Let k(s) = s**2 + 39*s + 327. Determine k(-12).
3
Let w(i) = -i**3 - 11*i**2 - 16*i + 14. What is w(-9)?
-4
Let b(i) = -2*i**3 - 4*i**2 + 4*i - 2. Calculate b(2).
-26
Let f(a) = -a - 7. Determine f(-8).
1
Let p(h) = -h**3 + 9*h**2 - 18*h. Calculate p(6).
0
Let y(g) = -22*g + 615. Calculate y(28).
-1
Let o(g) = -3*g**3 - g**2 + g + 1. Determine o(-3).
70
L